{"id":605,"date":"2021-02-25T22:22:04","date_gmt":"2021-02-25T21:22:04","guid":{"rendered":"http:\/\/www.ruoms.fr\/?page_id=605"},"modified":"2025-11-13T16:59:08","modified_gmt":"2025-11-13T15:59:08","slug":"ecole","status":"publish","type":"page","link":"https:\/\/www.ruoms.fr\/index.php\/ecole\/","title":{"rendered":"\u00c9COLES"},"content":{"rendered":"\n<figure class=\"wp-block-image size-large is-resized\"><img loading=\"lazy\" decoding=\"async\" width=\"1024\" height=\"456\" src=\"https:\/\/www.ruoms.fr\/wp-content\/uploads\/2024\/04\/inscriptions-scolaires-1-1024x456.jpg\" alt=\"\" class=\"wp-image-3100\" style=\"width:784px;height:auto\" srcset=\"https:\/\/www.ruoms.fr\/wp-content\/uploads\/2024\/04\/inscriptions-scolaires-1-1024x456.jpg 1024w, https:\/\/www.ruoms.fr\/wp-content\/uploads\/2024\/04\/inscriptions-scolaires-1-300x134.jpg 300w, https:\/\/www.ruoms.fr\/wp-content\/uploads\/2024\/04\/inscriptions-scolaires-1-768x342.jpg 768w, https:\/\/www.ruoms.fr\/wp-content\/uploads\/2024\/04\/inscriptions-scolaires-1-1536x684.jpg 1536w, https:\/\/www.ruoms.fr\/wp-content\/uploads\/2024\/04\/inscriptions-scolaires-1-2048x912.jpg 2048w, https:\/\/www.ruoms.fr\/wp-content\/uploads\/2024\/04\/inscriptions-scolaires-1-150x67.jpg 150w\" sizes=\"auto, (max-width: 1024px) 100vw, 1024px\" \/><\/figure>\n\n\n\n<h1 class=\"wp-block-heading alignwide\" id=\"we-re-a-studio-in-berlin-with-an-international-practice-in-architecture-urban-planning-and-interior-design-we-believe-in-sharing-knowledge-and-promoting-dialogue-to-increase-the-creative-potential-of-collaboration\" style=\"font-size:48px;line-height:1.1\"><mark style=\"background-color:rgba(0, 0, 0, 0)\" class=\"has-inline-color has-vivid-purple-color\">\u00c9cole publique Jean-Moulin<\/mark> <\/h1>\n\n\n<div class=\"wp-block-image\">\n<figure class=\"aligncenter size-full is-resized\"><img loading=\"lazy\" decoding=\"async\" width=\"620\" height=\"875\" src=\"https:\/\/www.ruoms.fr\/wp-content\/uploads\/2024\/04\/chiffre-1-20182.jpg\" alt=\"\" class=\"wp-image-3107\" style=\"width:24px;height:auto\" srcset=\"https:\/\/www.ruoms.fr\/wp-content\/uploads\/2024\/04\/chiffre-1-20182.jpg 620w, https:\/\/www.ruoms.fr\/wp-content\/uploads\/2024\/04\/chiffre-1-20182-213x300.jpg 213w, https:\/\/www.ruoms.fr\/wp-content\/uploads\/2024\/04\/chiffre-1-20182-106x150.jpg 106w\" sizes=\"auto, (max-width: 620px) 100vw, 620px\" \/><\/figure><\/div>\n\n\n<p class=\"has-text-align-center\"><strong>INSCRIPTION DE VOTRE ENFANT <\/strong><\/p>\n\n\n\n<p>Prendre rendez-vous \u00e0 la mairie pour retirer un dossier d&rsquo;inscription scolaire. Vous aurez besoin des documents suivants : <\/p>\n\n\n\n<ul class=\"wp-block-list\">\n<li>Le livret de famille<\/li>\n\n\n\n<li>La copie des vaccins<\/li>\n\n\n\n<li>Un justificatif de domicile de &#8211; de 3 mois<\/li>\n\n\n\n<li>La<a href=\"https:\/\/www.ruoms.fr\/wp-content\/uploads\/2021\/04\/FICHE-DE-RENSEIGNEMENTS.pdf\"> fiche de renseignements<\/a> (une par enfant)<\/li>\n<\/ul>\n\n\n\n<figure class=\"wp-block-table aligncenter is-style-stripes\"><table><tbody><tr><td><img loading=\"lazy\" decoding=\"async\" width=\"141\" height=\"144\" class=\"wp-image-3025\" style=\"width: 141px;\" src=\"https:\/\/www.ruoms.fr\/wp-content\/uploads\/2024\/03\/L.MARSAL.png\" alt=\"\" srcset=\"https:\/\/www.ruoms.fr\/wp-content\/uploads\/2024\/03\/L.MARSAL.png 206w, https:\/\/www.ruoms.fr\/wp-content\/uploads\/2024\/03\/L.MARSAL-146x150.png 146w\" sizes=\"auto, (max-width: 141px) 100vw, 141px\" \/><\/td><td><strong>LAURA MARSAL<\/strong><br><em>Charg\u00e9e des affaires scolaires <\/em><br><br>MAIRIE DE RUOMS <br>62 rue nationale Bp2 <br>07120 RUOMS &nbsp; <br><strong>04 75 39 98 25&nbsp;&nbsp;  <a href=\"mailto:affairescolaire@ruoms.fr\">affairescolaire@ruoms.fr<\/a>&nbsp; &nbsp;&nbsp;&nbsp;<\/strong><\/td><\/tr><\/tbody><\/table><\/figure>\n\n\n<div class=\"wp-block-image\">\n<figure class=\"aligncenter size-full is-resized\"><img loading=\"lazy\" decoding=\"async\" width=\"620\" height=\"875\" src=\"https:\/\/www.ruoms.fr\/wp-content\/uploads\/2024\/04\/chiffre-2-20181.jpg\" alt=\"\" class=\"wp-image-3108\" style=\"width:26px;height:auto\" srcset=\"https:\/\/www.ruoms.fr\/wp-content\/uploads\/2024\/04\/chiffre-2-20181.jpg 620w, https:\/\/www.ruoms.fr\/wp-content\/uploads\/2024\/04\/chiffre-2-20181-213x300.jpg 213w, https:\/\/www.ruoms.fr\/wp-content\/uploads\/2024\/04\/chiffre-2-20181-106x150.jpg 106w\" sizes=\"auto, (max-width: 620px) 100vw, 620px\" \/><\/figure><\/div>\n\n\n<p>La mairie d\u00e9livre <strong>un certificat d&rsquo;inscription scolaire<\/strong> <strong>pour l&rsquo;\u00e9cole<\/strong>. Il faut ensuite prendre RDV avec les directrices de l&rsquo;\u00e9cole qui proc\u00e8deront \u00e0 l&rsquo;inscription de votre enfant , vous feront visiter les locaux et vous pr\u00e9senteront le personnel encadrant. <\/p>\n\n\n<div class=\"wp-block-image\">\n<figure class=\"aligncenter size-full is-resized\"><img loading=\"lazy\" decoding=\"async\" width=\"620\" height=\"875\" src=\"https:\/\/www.ruoms.fr\/wp-content\/uploads\/2024\/04\/chiffre-3-20177.jpg\" alt=\"\" class=\"wp-image-3109\" style=\"width:23px;height:auto\" srcset=\"https:\/\/www.ruoms.fr\/wp-content\/uploads\/2024\/04\/chiffre-3-20177.jpg 620w, https:\/\/www.ruoms.fr\/wp-content\/uploads\/2024\/04\/chiffre-3-20177-213x300.jpg 213w, https:\/\/www.ruoms.fr\/wp-content\/uploads\/2024\/04\/chiffre-3-20177-106x150.jpg 106w\" sizes=\"auto, (max-width: 620px) 100vw, 620px\" \/><\/figure><\/div>\n\n\n<p class=\"has-text-align-center\"><strong>POUR RENCONTRER LES DIRECTRICES <\/strong><\/p>\n\n\n\n<p class=\"has-text-align-left\"><\/p>\n\n\n\n<p><strong>\u00c9cole Jean-Moulin &#8211; Mme Fabienne Chalvet<\/strong><br>120 Rue Jean-Moulin 07120 Ruoms <\/p>\n\n\n\n<p>04 75 93 94 10 E-mail : <a href=\"mailto:ce.0070915g@ac-grenoble.fr\">ce.0070915g@ac-grenoble.fr<\/a><\/p>\n\n\n\n<h2 class=\"wp-block-heading has-large-font-size\"><strong>Capacit\u00e9<\/strong><\/h2>\n\n\n\n<p>L\u2019\u00e9cole maternelle est compos\u00e9e de 3 classes ainsi que d\u2019une salle de motricit\u00e9<br>L\u2019\u00e9cole \u00e9l\u00e9mentaire accueille\u00a04 salles de classes<\/p>\n\n\n\n<h2 class=\"wp-block-heading has-large-font-size\"><strong>Les services<\/strong><\/h2>\n\n\n\n<p>Les services de cantine et de garderie sont assur\u00e9s par la municipalit\u00e9&nbsp;:<\/p>\n\n\n\n<ul class=\"wp-block-list\">\n<li>Cantine les lundis, mardis, jeudis et vendredis<\/li>\n\n\n\n<li>Garderie de 7h30 \u00e0 8h30 et de 16h30 \u00e0 18h<\/li>\n<\/ul>\n\n\n\n<p>Infos pratiques et r\u00e9servation <a href=\"https:\/\/www.ruoms.fr\/index.php\/periscolaire\/\">ici<\/a><\/p>\n\n\n\n<h2 class=\"wp-block-heading has-large-font-size\"><strong>Site internet de l&rsquo;\u00e9cole <\/strong><\/h2>\n\n\n\n<p> <a href=\"https:\/\/ecole-jean-moulin-ruoms.web.ac-grenoble.fr\/\" data-type=\"URL\" data-id=\"https:\/\/ecole-jean-moulin-ruoms.web.ac-grenoble.fr\/\">https:\/\/ecole-jean-moulin-ruoms.web.ac-grenoble.fr\/<\/a><br><\/p>\n\n\n\n<h1 class=\"wp-block-heading alignwide\" id=\"we-re-a-studio-in-berlin-with-an-international-practice-in-architecture-urban-planning-and-interior-design-we-believe-in-sharing-knowledge-and-promoting-dialogue-to-increase-the-creative-potential-of-collaboration\" style=\"font-size:48px;line-height:1.1\"><mark style=\"background-color:rgba(0, 0, 0, 0)\" class=\"has-inline-color has-luminous-vivid-orange-color\">\u00c9tablissement priv\u00e9 Saint-Joseph<\/mark> <\/h1>\n\n\n\n<h1 class=\"wp-block-heading has-large-font-size\"><strong>Organisation<\/strong><\/h1>\n\n\n\n<p>L&rsquo;ensemble scolaire <em>Saint Joseph<\/em> \u00e0 <em>Ruoms<\/em> en Ard\u00e8che est un \u00e9tablissement priv\u00e9 qui accueille les \u00e9l\u00e8ves de la maternelle au coll\u00e8ge.<\/p>\n\n\n\n<h2 class=\"wp-block-heading has-large-font-size\"><strong>Les horaires<\/strong><\/h2>\n\n\n\n<div class=\"wp-block-group\"><div class=\"wp-block-group__inner-container is-layout-flow wp-block-group-is-layout-flow\">\n<p>Lundi, mardi, jeudi, vendredi<br>8h30 \/ 11h30<br>13h30 \/ 16h30<\/p>\n\n\n\n<h2 class=\"wp-block-heading has-large-font-size\"><strong>Contact<\/strong><\/h2>\n\n\n\n<p>T\u00e9l : 04 75 39 62 60<\/p>\n<\/div><\/div>\n\n\n\n<figure class=\"wp-block-table\"><table><tbody><tr><td><strong>Secr\u00e9tariat :<\/strong><br>Mme Dorne<br><em>Horaires<\/em> :<br>Lundi, mardi, jeudi, vendredi :<br>8h\/12h15 et 13h30\/17h30<br>Mercredi :<br>8h \/ 12h30<\/td><td><strong>Comptabilit\u00e9 :<\/strong> <br>Mme Mure<br><em>Horaires <\/em>:<br>Du lundi au vendredi :<br>7h45\/11h30<\/td><td><strong>Vie scolaire :<\/strong> <br>Mme Gatt, Mme Pelleray, Mme Petit<br><em>Horaires&nbsp;<\/em>:<br>Du lundi au vendredi :<br>8h30\/11h30<\/td><\/tr><\/tbody><\/table><\/figure>\n\n\n\n<h2 class=\"wp-block-heading has-large-font-size\"><strong>Adresse<\/strong><\/h2>\n\n\n\n<p>Ensemble scolaire St Joseph<br>12 avenue Vallon<br>07120 RUOMS<\/p>\n\n\n\n<h2 class=\"wp-block-heading has-large-font-size\"><strong>Site internet de l&rsquo;\u00e9tablissement <\/strong><\/h2>\n\n\n\n<p><a href=\"http:\/\/www.saintjoseph-ruoms.fr\/\" data-type=\"URL\" data-id=\"http:\/\/www.saintjoseph-ruoms.fr\/\">http:\/\/www.saintjoseph-ruoms.fr\/<\/a><\/p>\n","protected":false},"excerpt":{"rendered":"<p>\u00c9cole publique Jean-Moulin INSCRIPTION DE VOTRE ENFANT Prendre rendez-vous \u00e0 la mairie pour retirer un dossier d&rsquo;inscription scolaire. Vous aurez besoin des documents suivants : LAURA MARSALCharg\u00e9e des affaires scolaires MAIRIE DE RUOMS 62 rue nationale Bp2 07120 RUOMS &nbsp; 04 75 39 98 25&nbsp;&nbsp; affairescolaire@ruoms.fr&nbsp; &nbsp;&nbsp;&nbsp; La mairie d\u00e9livre&#8230;<\/p>\n<p> <a class=\"continue-reading-link\" href=\"https:\/\/www.ruoms.fr\/index.php\/ecole\/\"><span>Lire la suite<\/span><i class=\"crycon-right-dir\"><\/i><\/a> <\/p>\n","protected":false},"author":2,"featured_media":0,"parent":0,"menu_order":0,"comment_status":"closed","ping_status":"closed","template":"","meta":{"footnotes":""},"class_list":["post-605","page","type-page","status-publish","hentry"],"publishpress_future_action":{"enabled":false,"date":"2026-04-23 07:17:03","action":"change-status","newStatus":"draft","terms":[],"taxonomy":""},"publishpress_future_workflow_manual_trigger":{"enabledWorkflows":[]},"_links":{"self":[{"href":"https:\/\/www.ruoms.fr\/index.php\/wp-json\/wp\/v2\/pages\/605","targetHints":{"allow":["GET"]}}],"collection":[{"href":"https:\/\/www.ruoms.fr\/index.php\/wp-json\/wp\/v2\/pages"}],"about":[{"href":"https:\/\/www.ruoms.fr\/index.php\/wp-json\/wp\/v2\/types\/page"}],"author":[{"embeddable":true,"href":"https:\/\/www.ruoms.fr\/index.php\/wp-json\/wp\/v2\/users\/2"}],"replies":[{"embeddable":true,"href":"https:\/\/www.ruoms.fr\/index.php\/wp-json\/wp\/v2\/comments?post=605"}],"version-history":[{"count":41,"href":"https:\/\/www.ruoms.fr\/index.php\/wp-json\/wp\/v2\/pages\/605\/revisions"}],"predecessor-version":[{"id":3594,"href":"https:\/\/www.ruoms.fr\/index.php\/wp-json\/wp\/v2\/pages\/605\/revisions\/3594"}],"wp:attachment":[{"href":"https:\/\/www.ruoms.fr\/index.php\/wp-json\/wp\/v2\/media?parent=605"}],"curies":[{"name":"wp","href":"https:\/\/api.w.org\/{rel}","templated":true}]}}